{"version":"1.0","type":"rich","width":"560px","height":"140px","title":"R\u00fccktritt als F\u00fchrungskraft - Ein pers\u00f6nlicher Podcast \u00fcber F\u00fchrung im agilen Kontext","url":"https:\/\/proagile.de\/podcast\/ruecktritt-als-fuehrungskraft\/","author_name":"Agilit\u00e4t in der Praxis - proagile.de - Erfahrene Interviewpartner sprechen \u00fcber die agile Praxis","author_url":"https:\/\/proagile.de","thumbnail_url":"https:\/\/proagile.de\/wp-content\/uploads\/2020\/02\/episode-cover-image.jpg","html":"<iframe width=\"560px\" height=\"140px\" src=\"https:\/\/proagile.de\/podcast\/ruecktritt-als-fuehrungskraft\/?standalonePlayer\"><\/iframe>"}

Rücktritt als Führungskraft - Ein persönlicher Podcast über Führung im agilen Kontext

Agilität in der Praxis - proagile.de - Erfahrene Interviewpartner sprechen über die agile Praxis
